5896 and 1264996?
916
Calculate the greatest common factor of 58 and 13422563.
29
What is the greatest common divisor of 14343030 and 328?
82
Calculate the highest common divisor of 1373075 and 605.
55
Calculate the greatest common factor of 100394 and 131918.
142
What is the greatest common factor of 22336692 and 27671?
413
What is the greatest common factor of 373590 and 205771?
593
What is the highest common divisor of 1385496 and 63000?
504
What is the highest common divisor of 22695449 and 5404?
1351
Calculate the highest common divisor of 1708 and 7094178.
854
What is the greatest common factor of 421820 and 31280?
460
Calculate the highest common divisor of 4258616 and 8.
8
What is the greatest common factor of 56988 and 3492?
36
What is the highest common factor of 1060 and 2023760?
20
What is the greatest common factor of 1750 and 40537000?
1750
What is the greatest common divisor of 1655 and 107815?
5
What is the highest common divisor of 4136180 and 10220?
1460
What is the highest common factor of 180 and 171554916?
12
What is the highest common factor of 2952 and 85026456?
2952
What is the highest common factor of 110536 and 19352?
328
Calculate the highest common factor of 65899267 and 98.
49
What is the highest common factor of 18 and 19352028?
6
Calculate the greatest common divisor of 3886696 and 14674.
638
Calculate the greatest common factor of 663877 and 344.
43
Calculate the greatest common divisor of 164790 and 3042.
18
Calculate the highest common factor of 76078709 and 58296.
2429
What is the highest common divisor of 2022143 and 8885947?
6379
What is the greatest common divisor of 367306524 and 1884?
1884
What is the highest common factor of 281 and 26160257?
281
What is the greatest common divisor of 1723 and 559578710?
1723
What is the greatest common divisor of 6670692 and 252?
252
What is the highest common divisor of 36990232 and 952?
136
Calculate the highest common factor of 3092 and 54675836.
3092
What is the highest common divisor of 13335 and 55125?
105
What is the highest common divisor of 301351554 and 3228?
1614
What is the greatest common divisor of 299108292 and 112476?
8652
What is the greatest common divisor of 158262 and 52507?
13
What is the greatest common divisor of 569352 and 4956?
84
Calculate the greatest common factor of 56 and 337664474.
14
Calculate the highest common divisor of 225241720 and 165.
55
Calculate the greatest common divisor of 4814543 and 430483.
2641
Calculate the greatest common factor of 6825625 and 8174.
67
Calculate the highest common divisor of 83460 and 6128960.
2140
Calculate the greatest common divisor of 6534432 and 1303776.
2592
Calculate the greatest common factor of 15 and 94964295.
15
What is the greatest common factor of 99404902 and 302849?
7043
What is the greatest common factor of 2095054 and 1064?
38
What is the highest common divisor of 72 and 4681314?
18
What is the highest common divisor of 968211 and 2?
1
Calculate the highest common factor of 184 and 1245400780.
92
Calculate the greatest common factor of 1770 and 2130338370.
1770
Calculate the highest common divisor of 14094 and 4369059.
81
Calculate the greatest common factor of 23463546 and 678.
678
Calculate the highest common divisor of 6136 and 68639597.
767
What is the greatest common divisor of 1086 and 24261783?
543
Calculate the highest common factor of 53861636 and 24084.
892
Calculate the greatest common divisor of 421 and 142579.
1
What is the highest common divisor of 99386 and 90923?
217
What is the highest common divisor of 178 and 624919730?
178
What is the highest common divisor of 28296084 and 60?
12
Calculate the greatest common divisor of 13085 and 2095.
5
What is the highest common factor of 6157980 and 8016?
12
Calculate the highest common divisor of 24795300 and 5625.
75
Calculate the highest common divisor of 15700083 and 1724661.
8097
Calculate the highest common divisor of 658 and 41995299.
47
Calculate the greatest common factor of 32 and 134688548.
4
Calculate the highest common factor of 18424170 and 82.
82
Calculate the greatest common divisor of 73027235 and 10940.
2735
Calculate the highest common divisor of 1874233 and 23001.
697
Calculate the highest common divisor of 465268 and 41984.
164
Calculate the greatest common divisor of 69597 and 4541.
19
Calculate the greatest common divisor of 715 and 3003780.
65
What is the highest common factor of 1068 and 22854132?
1068
Calculate the greatest common divisor of 29161 and 1969693.
2651
What is the highest common divisor of 351 and 65682669?
39
Calculate the greatest common factor of 21837 and 1416393.
753
Calculate the highest common divisor of 9 and 92865.
3
Calculate the highest common factor of 1618235628 and 12.
12
Calculate the highest common factor of 115005 and 626439.
1353
What is the highest common divisor of 34566 and 345403224?
4938
Calculate the highest common divisor of 16799488 and 124944.
2192
What is the highest common divisor of 966 and 5753958?
42
What is the highest common factor of 27461 and 54710158?
3923
Calculate the greatest common divisor of 45468 and 3384.
36
Calculate the highest common factor of 19746126 and 42.
6
Calculate the highest common factor of 17977652 and 88.
44
Calculate the greatest common factor of 8795 and 80315.
5
Calculate the highest common divisor of 33156 and 836622.
54
Calculate the greatest common factor of 516255 and 50503560.
4065
Calculate the greatest common factor of 66 and 388530483.
33
What is the greatest common divisor of 51697710 and 40?
10
What is the greatest common factor of 1964452157 and 79?
79
What is the highest common divisor of 602799 and 103314?
201
What is the highest common divisor of 25856460 and 112?
28
Calculate the highest common factor of 878520 and 552.
24
What is the greatest common factor of 118683330 and 6420?
3210
What is the highest common factor of 37465 and 4150945?
295
What is the highest common factor of 71734 and 11354122?
806
What is the greatest common divisor of 1388068173 and 102?
51
What is the highest common factor of 3840 and 9948?
12
Calculate the greatest common factor of 3263538 and 2628.
438
Calculate the greatest common factor of 12052 and 55445226.
6026
Calculate the highest common divisor of 6524814 and 271510.
2858
What is the greatest common factor of 1040 and 14678690?
130
What is the highest common divisor of 17018461 and 7066?
3533
What is the greatest common factor of 493 and 740044?
17
What is the highest common factor of 193 and 800139?
1
What is the greatest common factor of 28145760 and 31314?
1842
What is the greatest common divisor of 1599 and 2847?
39
Calculate the highest common divisor of 523119733 and 51.
17
What is the highest common factor of 32844136 and 1429?
1429
What is the highest common factor of 392096715 and 1830?
915
Calculate the highest common divisor of 73976 and 64736.
56
Calculate the greatest common divisor of 900480 and 2268.
84
Calculate the highest common factor of 8360 and 2214260.
380
What is the greatest common factor of 38514127 and 2492?
89
What is the greatest common divisor of 275200 and 51705600?
6400
Calculate the greatest common divisor of 45 and 245345.
5
What is the greatest common factor of 960 and 9981480?
120
What is the highest common factor of 2959 and 7843?
11
Calculate the greatest common divisor of 9834 and 1169058.
66
What is the highest common divisor of 1220 and 296476775?
305
What is the greatest common divisor of 3140 and 64841?
157
What is the greatest common divisor of 15652524 and 1644?
1644
Calculate the greatest common divisor of 106028759 and 437.
19
Calculate the highest common factor of 31041 and 309.
3
What is the greatest common factor of 286 and 3779724?
26
What is the greatest common factor of 15 and 7216175?
5
What is the highest common factor of 12634380 and 1080?
540
Calculate the greatest common divisor of 1095828 and 106.
106
What is the highest common factor of 4459 and 231361?
13
What is the highest common factor of 12800 and 635904?
512
What is the highest common factor of 1224 and 3945816?
72
What is the greatest common divisor of 2496 and 2791696?
16
What is the highest common factor of 762523 and 1324227?
491
What is the greatest common div